7
What is the tens digit of 728801955?
5
What is the hundred thousands digit of 797067601?
0
What is the thousands digit of 55575564?
5
What is the units digit of 23387449?
9
What is the thousands digit of 537595262?
5
What is the tens digit of 17435377?
7
What is the tens digit of 2924177682?
8
What is the hundreds digit of 18819049?
0
What is the units digit of 1480685372?
2
What is the hundreds digit of 467680010?
0
What is the hundred millions digit of 1023129228?
0
What is the tens digit of 45245957?
5
What is the hundreds digit of 35465801?
8
What is the ten millions digit of 1129690139?
2
What is the thousands digit of 2037575038?
5
What is the hundred thousands digit of 536560832?
5
What is the hundred thousands digit of 211279539?
2
What is the billions digit of 1227990878?
1
What is the millions digit of 379718299?
9
What is the units digit of 68840932?
2
What is the billions digit of 9564463063?
9
What is the hundred millions digit of 133914001?
1
What is the millions digit of 3216304?
3
What is the hundreds digit of 112204032?
0
What is the tens digit of 52267908?
0
What is the ten millions digit of 366361274?
6
What is the millions digit of 8887107?
8
What is the thousands digit of 116523268?
3
What is the ten thousands digit of 9907643?
0
What is the hundred millions digit of 1724731469?
7
What is the tens digit of 152821293?
9
What is the hundred millions digit of 476390561?
4
What is the hundred thousands digit of 1333260?
3
What is the ten thousands digit of 50135605?
3
What is the hundred millions digit of 2890093354?
8
What is the units digit of 73559593?
3
What is the hundreds digit of 68662419?
4
What is the units digit of 17932586?
6
What is the hundred thousands digit of 74900001?
9
What is the tens digit of 4949150161?
6
What is the ten thousands digit of 688382305?
8
What is the billions digit of 9437107202?
9
What is the millions digit of 1165816329?
5
What is the thousands digit of 5851865?
1
What is the hundred thousands digit of 80283647?
2
What is the hundred millions digit of 747069800?
7
What is the units digit of 76274367?
7
What is the billions digit of 1126662198?
1
What is the thousands digit of 1917088942?
8
What is the tens digit of 16119395?
9
What is the hundred millions digit of 3117325655?
1
What is the hundreds digit of 483142389?
3
What is the ten millions digit of 3661711822?
6
What is the units digit of 23926936?
6
What is the tens digit of 700208308?
0
What is the millions digit of 36108345?
6
What is the hundred thousands digit of 144449136?
4
What is the tens digit of 357587329?
2
What is the tens digit of 5038953871?
7
What is the millions digit of 139340294?
9
What is the tens digit of 6628663447?
4
What is the millions digit of 2495407315?
5
What is the ten millions digit of 1019169969?
1
What is the units digit of 1567623?
3
What is the ten millions digit of 74858605?
7
What is the tens digit of 103559980?
8
What is the hundred thousands digit of 455663797?
6
What is the tens digit of 1401901573?
7
What is the ten thousands digit of 7992534819?
3
What is the thousands digit of 50452223?
2
What is the billions digit of 8548192400?
8
What is the tens digit of 84488451?
5
What is the tens digit of 67065978?
7
What is the ten thousands digit of 411129755?
2
What is the millions digit of 4026318317?
6
What is the tens digit of 1720466701?
0
What is the billions digit of 2219933412?
2
What is the units digit of 176783921?
1
What is the units digit of 149389239?
9
What is the ten millions digit of 59037344?
5
What is the hundreds digit of 32886784?
7
What is the hundred thousands digit of 513795823?
7
What is the millions digit of 1571248717?
1
What is the ten thousands digit of 576202893?
0
What is the millions digit of 988539508?
8
What is the ten thousands digit of 62750156?
5
What is the thousands digit of 312162826?
2
What is the ten millions digit of 237074564?
3
What is the billions digit of 5710251808?
5
What is the hundred thousands digit of 436491716?
4
What is the ten millions digit of 54630701?
5
What is the tens digit of 91283190?
9
What is the hundreds digit of 85113434?
4
What is the thousands digit of 129594725?
4
What is the units digit of 3255801?
1
What is the hundred thousands digit of 3278043685?
0
What is the billions digit of 5696421722?
5
What is the millions digit of 547764749?
7
What is the tens digit of 1819594556?
5
What is the tens digit of 898586483?
8
What is the hundred thousands digit of 1022136?
0
What is the units digit of 452194174?
4
What is the tens digit of 494351766?
6
What is the ten thousands digit of 33008323?
0
What is the units digit of 928708342?
2
What is the millions digit of 1112607550?
2
What is the tens digit of 175496140?
4
What is the ten thousands digit of 75175791?
7
What is the thousands digit of 186791056?
1
What is the ten thousands digit of 243808845?
0
What is the tens digit of 618472376?
7
What is the ten thousands digit of 279129042?
2
What is the ten thousands digit of 21421200?
2
What is the millions digit of 1272161?
1
What is the ten thousands digit of 51082107?
8
What is the thousands digit of 3886544935?
4
What is the ten millions digit of 376759919?
7
What is the ten thousands digit of 1592055092?
5
What is the hundreds digit of 1070287887?
8
What is the hundreds digit of 5598541809?
8
What is the thousands digit of 28513400?
3
What is the hundreds digit of 46515354?
3
What is the tens digit of 27542582?
8
What is the ten thousands digit of 903369030?
6
What is the units digit of 73039630?
0
What is the hundreds digit of 13284623?
6
What is the thousands digit of 2847824028?
4
What is the tens digit of 44213094?
9
What is the hundred millions digit of 1350261587?
3
What is the units digit of 7113922?
2
What is the thousands digit of 7162626?
2
What is the units digit of 1163297?
7
What is the units digit of 2116924628?
8
What is the ten millions digit of 338205449?
3
What is the millions digit of 23967268?
3
What is the hundreds digit of 122530723?
7
What is the ten millions digit of 92476102?
9
What is the hundreds digit of 47663441?
4
What is the billions digit of 1509950118?
1
What is the units digit of 358103847?
7
What is the hundred millions digit of 437011506?
4
What is the ten millions digit of 431523528?
3
What is the ten millions digit of 3218846799?
1
What is the thousands digit of 2149760?
9
What is the hundred thousands digit of 66872231?
8
What is the hundred thousands digit of 612070486?
0
What is the hundred millions digit of 237730026?
2
What is the hundreds digit of 27088758?
7
What is the units digit of 138506366?
6
What is the thousands digit of 103607423?
7
What is the thousands digit of 719097041?
7
What is the tens digit of 850178546?
4
What is the ten millions digit of 119142232?
1
What is the ten millions digit of 523941742?
2
What is the thousands digit of 967466689?
6
What is the millions digit of 1021168900?
1
What is the units digit of 8370141?
1
What is the thousands digit of 1573195897?
5
What is the units digit of 1306745315?
5
What is the ten millions digit of 162107355?
6
What is the hundreds digit of 208630327?
3
What is the units digit of 4736592027?
7
What is the ten millions digit of 260148969?
6
What is the billions digit of 3054604111?
3
What is the units digit of 11976248?
8
What is the billions digit of 3183023569?
3
What is the units digit of 4404175590?
0
What is the tens digit of 4461926658?
5
What is the tens digit of 2717303251?
5
What is the units digit of 135443714?
4
What is the thousands digit of 1340552867?
2
What is the tens digit of 36334821?
2
What is the millions digit of 32148364?
2
What is the tens digit of 3866397683?
8
What is the millions digit of 686656392?
6
What is the tens digit of 36162603?
0
What is the units digit of 1660327045?
5
What is the thousands digit of 4005771113?
1
What is the hundred millions digit of 5643044174?
6
What is the hundred thousands digit of 367140705?
1
What is the ten millions digit of 1933300736?
3
What is the millions digit of 1718178004?
8
What is the ten thousands digit of 3728521941?
2
What is the ten thousands digit of 386682339?
8
What is the hundred millions digit of 255822545?
2
What is the hundred thousands digit of 93565834